r. What is the units digit of j?
2
Suppose -31*h - 3080 = -39*h. What is the hundreds digit of h?
3
Let q = 382 + -266. Suppose 2*r - q = -y, 20 = 5*r - 0. Suppose 4*v + 5*t - 2*t = y, -4*t = 5*v - 135. What is the tens digit of v?
2
Let a = -5 + 25. Let i(p) = 4*p - 1. Let h be i(1). Suppose h*o = o + 4, -a = -4*x + 2*o. What is the units digit of x?
6
Let g(x) be the first derivative of 7*x**3 + x**2 - x - 3. Suppose 4*o + 0*o = 4. What is the tens digit of g(o)?
2
Let x be (1 - 2)/(12/8 - 1). Let h(m) = 2*m**2 + m - 2. What is the units digit of h(x)?
4
Let c be (-166)/18 - (-4)/18. Let k(y) = y**2 + y - 7. What is the units digit of k(c)?
5
What is the units digit of -4 - (-404)/12 - 4/6?
9
Suppose -1249 = -8*c + 1079. What is the tens digit of c?
9
Let i(t) = t**2 + 7*t - 11. Let f(k) = -3*k - 7. Let m be f(-4). What is the tens digit of i(m)?
4
Let x = -14 - -14. Suppose -10*y + 241 + 519 = x. What is the units digit of y?
6
What is the hundreds digit of (-2 + 45/20)*6376?
5
Let w(f) = -f**3 - 9*f**2 + 23*f + 14. Let g be w(-11). Suppose u = -g*u + 452. What is the tens digit of u?
1
Let v(g) = 10*g**2 + 6*g - 2. Let p be v(7). Let w be (p/40)/((-1)/(-4)). Let c = w - 11. What is the tens digit of c?
4
Let n(a) = -77*a + 35. What is the tens digit of n(-4)?
4
Suppose 6 = 10*u - 8*u. What is the units digit of -104*(-6)/12 - u?
9
Let a(r) = 72*r - 29. What is the units digit of a(6)?
3
Let w(g) = 5*g**2 + 38*g + 21. What is the tens digit of w(-10)?
4
Let m be (15/(-6) + 2)*-12. Let n be (236/m)/((-2)/(-3)). Suppose -16 = -j - l, 5*l - n = -5*j + j. What is the units digit of j?
1
Suppose 7*l + 4 = 5*l. Let h be (-2)/l*(0 + 4). Suppose -4*x + 25 = 5*r - 8, h*r - 14 = 3*x. What is the units digit of x?
2
Let z(x) = -4*x**3 - x**2 - x - 2. Suppose 8*a - 3*a - 5*c - 15 = 0, 0 = -2*a + 3*c + 11. What is the units digit of z(a)?
8
Suppose -2*i + 231 = 65. Let f = i - 12. What is the units digit of f?
1
What is the tens digit of 488 + -1 - 2/(-1)?
8
Suppose c + 10 = 3*c. Let z be c/((-5)/32) + 1. Let n = 89 + z. What is the units digit of n?
8
Let u = 40 + -23. Suppose -8 = 15*j - u*j. Let q = 33 - j. What is the units digit of q?
9
Let o = 837 + -694. What is the tens digit of o?
4
Let i(k) = 584*k - 423. What is the thousands digit of i(7)?
3
Suppose 0 = -4*a - 0*a. Let p be 0/(-2 - a) + 78. Suppose 18 = q + 2*z, 2*q + p = 6*q + 5*z. What is the tens digit of q?
2
Suppose 1481 = 4*j - 5*t, -7*j = -9*j + 4*t + 736. What is the tens digit of j?
7
Let o = -2 - -2. Suppose -5*c + 0*c + 690 = o. Suppose c = 5*g + 23. What is the tens digit of g?
2
Suppose 8*h - 3*h = 20. Suppose -y - h = 4*p + 1, 3*p = -2*y. Suppose -69 - 6 = -y*j. What is the tens digit of j?
2
Let g(p) = -p**3 + 5*p**2 - 5*p + 4. Let w be g(4). Suppose 16*n - 13*n - 30 = w. Let i(t) = -t**3 + 11*t**2 - 6*t - 7. What is the tens digit of i(n)?
3
Let q = 3 - -8. Suppose -q = -5*o + 9. What is the units digit of (5/10)/(2/o)?
1
Let v be 1678/(3 - 1) + 1. Suppose -5*b - 200 + v = 0. What is the units digit of b?
8
Suppose 30 = 5*a + 5*u, 5*a + 5*u = 2*a + 28. Let m(r) = 107*r**2 - r - 1. What is the units digit of m(a)?
5
Suppose -4*f = -3*k + 2241, -2*k - f + 254 = -1229. What is the hundreds digit of k?
7
Let l be (-128)/(-6) - 2/6. Suppose -36 = 128*h - 137*h. Let t = l + h. What is the units digit of t?
5
Let k(t) = 27*t**3 + t**2 - 9. What is the tens digit of k(3)?
2
Let s = -386 - -1346. What is the hundreds digit of s?
9
Let v(n) = n**3 + 8*n**2 - 11*n - 10. Let d be v(-9). Let u(h) = h**2 + 4*h + 19. What is the tens digit of u(d)?
1
Suppose 0 = -g + 3. Let j(z) be the third derivative of z**6/120 - z**5/60 - z**4/8 - z**3/6 - 11*z**2. What is the units digit of j(g)?
8
Let v = -11 - -31. Suppose 22*g - 18 = v*g. What is the units digit of g?
9
Let y(v) = v**3 + 2*v**2 - 5*v - 4. Let s be y(-3). Suppose -k - 5*z = -0*k - 12, -5*k + 33 = -s*z. Suppose -3*l = -k*l + 88. What is the units digit of l?
2
Let s(t) = 16*t - 72. What is the tens digit of s(6)?
2
Suppose -m = 3*y - 7, 9*y - m - 9 = 4*y. Suppose 0 = 5*w - y - 3, -218 = -4*b - 2*w. What is the tens digit of b?
5
Let g(d) = 17*d + 27. Let h be g(12). Suppose -3*p + h = -5*t + 713, p - 278 = -3*t. Suppose 5*v - 56 = t. What is the tens digit of v?
3
Let p(a) = a**3 - 3*a + 3059. What is the tens digit of p(0)?
5
Suppose -191*p = -179*p - 6444. What is the hundreds digit of p?
5
Let z(g) be the first derivative of -11*g**2 + 26*g + 20. What is the hundreds digit of z(-6)?
1
Let d = -14 - 7. Let g be (-111)/d - (-2)/(-7). Suppose g*m - 150 = -0*m. What is the tens digit of m?
3
Let u(t) = 21*t**2 - 17*t + 17. Let w(r) = 10*r**2 - 9*r + 9. Let b(p) = 4*u(p) - 7*w(p). What is the tens digit of b(1)?
1
Let z = -20 + 25. Suppose -3*j + 3*f + 63 = -66, -z*f + 199 = 4*j. What is the units digit of j?
6
Let p(u) = 0 + u**2 + 7*u - 2*u - 1. What is the units digit of p(-6)?
5
Suppose -4*y = 0, -2*q = -3*q + 4*y + 363. Suppose -13*c + q = -794. What is the units digit of c?
9
Let t = 1967 - 528. What is the thousands digit of t?
1
Suppose -2*x - 2 = 2*t - 4, -4*t - 5*x = 0. Let k(g) = -4*g**2 + 6*g + 7. Let o be k(t). What is the units digit of (o/(-3))/((-6)/(-16))?
6
Suppose 2*c - 844 = -d + c, d - 5*c - 838 = 0. What is the hundreds digit of d?
8
Suppose q - 2*q - q = 0. Suppose q + 26 = 2*w. What is the units digit of w?
3
Let k = -219 - -439. What is the tens digit of k?
2
Let w(q) = -q + 3. Let m be w(1). Suppose 54 = -m*p - 4*p. What is the tens digit of (-4)/(-10)*(31 - p)?
1
Let j(t) = 4*t**2 + 4*t - 6. Let d be j(3). What is the hundreds digit of (2 + 66)*d/24?
1
Suppose 5*g - 5*y = 1610, -2*y + 1560 = 5*g + 3*y. What is the units digit of g?
7
Let a = 21 - 19. Suppose a = l - 11. Suppose -w + 10 = -l. What is the tens digit of w?
2
Suppose -5*z + 4*i = -1825, -3*i + 1073 = 3*z - i. What is the hundreds digit of z?
3
Let i(d) = 11 + d**2 + d + 6 + 0*d**2 + 30. What is the tens digit of i(0)?
4
Suppose 7*k + 23 = 611. Let y = k + 8. Let u = -64 + y. What is the tens digit of u?
2
Let r(y) be the first derivative of -1/4*y**4 - 8 - 2*y**2 + 14*y + 8/3*y**3. What is the units digit of r(6)?
2
Suppose 0 = -4*j - j + 3810. Suppose 0 = -4*v - 2*v + j. What is the tens digit of v?
2
Let r(j) = -2*j**2 + 5. Let u be r(2). What is the units digit of (35/10)/(u/(-6))?
7
Let p = 26 - 31. Let x be 4/4 + p + 6. What is the tens digit of 6/(6/40*x)?
2
Suppose 371*f = 364*f + 33754. What is the tens digit of f?
2
Let y = -1 + -6. Suppose 0 = m + 4 + 10. What is the units digit of y/(-2)*(-4)/m?
1
Let r be ((-18)/39)/3 - 6429/39. What is the hundreds digit of ((-17)/3)/(5/r)?
1
Suppose -3*u + 16*u - 572 = 0. What is the units digit of u?
4
Suppose 0 = 4*o - 9*o. Suppose o = -2*u - 0*u - 2. What is the tens digit of 3 + 4*-3*u?
1
Let s = -86 - -54. Let l be (0 + s)/(-1 + 2). Let t = 53 + l. What is the tens digit of t?
2
Let b be 3 - (-3)/(3/4). Let k = b + -5. Suppose -k*y = 5 - 15. What is the units digit of y?
5
Let n = -6641 - -9836. Suppose -n + 591 = -12*h. What is the hundreds digit of h?
2
Let w = -192 - -189. Suppose t + 3*t - 30 = -3*g, 2*g - 32 = -4*t. What is the tens digit of (w/(-2))/(t/318)?
5
Let a = 1259 - 655. What is the units digit of a?
4
Suppose k + 12 = -5*o + 209, 2*k + 2*o = 370. Suppose 2*c = -70 + k. What is the tens digit of c?
5
Let l(u) = -4*u - 6. Let p be l(-4). Suppose 180 = 14*r - p*r. What is the units digit of r?
5
Suppose -2*v - 5 = -2*z - 7*v, 2 = 2*z + 2*v. What is the units digit of 4/(-6)*(z + -3)?
2
Suppose 29*c + 5090 = 18140. What is the tens digit of c?
5
Suppose -45*a + 1376 = -29*a. What is the tens digit of a?
8
Suppose 275 = c - 766. What is the units digit of c?
1
Suppose 0 = -3*g - f + 4099, 2007 = 3*g + 4*f - 2104. What is the tens digit of g?
6
What is the hundreds digit of ((-854)/8)/(1140/288 + -4)?
5
Let d be 2169/54 - (-1)/(-6). What is the units digit of (d - -3) + 1 + 1?
5
Let j(i) = i**2 - i + 420. What is the units digit of j(0)?
0
Suppose -4*a = -4*n - 144, -4*a - 25 = 2*n + 71. Let j be n/(-15)*(-30)/(-4). Suppose u = -3*u + j. What is the units digit of u?
5
Let b(u) be the third derivative of 0*u - 13/24*u**4 + 0 + 4/3*u**3 - 1/60*u**5 + 2*u**2. What is the units digit